ctors of 35991892.
2, 8997973
What are the prime factors of 12950855?
5, 17, 152363
What are the prime factors of 1726135?
5, 345227
What are the prime factors of 576113?
17, 33889
What are the prime factors of 706264?
2, 13, 6791
List the prime factors of 1173863.
433, 2711
What are the prime factors of 144929?
37, 3917
What are the prime factors of 1974286?
2, 987143
List the prime factors of 2436329.
7, 7103
List the prime factors of 6077720.
2, 5, 11, 19, 727
List the prime factors of 400988.
2, 7, 14321
List the prime factors of 295378.
2, 147689
List the prime factors of 2780330.
2, 5, 7, 39719
What are the prime factors of 44017?
44017
What are the prime factors of 538674?
2, 3, 89779
What are the prime factors of 24274211?
13, 587, 3181
What are the prime factors of 806061?
3, 139, 1933
List the prime factors of 29116107.
3, 3235123
What are the prime factors of 9091?
9091
List the prime factors of 27936.
2, 3, 97
List the prime factors of 5026459.
1367, 3677
List the prime factors of 43436.
2, 10859
List the prime factors of 823542.
2, 3, 29, 4733
List the prime factors of 516246.
2, 3, 139, 619
List the prime factors of 288453.
3, 11, 8741
List the prime factors of 1714964.
2, 428741
What are the prime factors of 1559109?
3, 519703
List the prime factors of 2507775.
3, 5, 29, 1153
What are the prime factors of 574569?
3, 63841
List the prime factors of 4770492.
2, 3, 397541
What are the prime factors of 3565725?
3, 5, 47543
What are the prime factors of 2935739?
43, 67, 1019
What are the prime factors of 51914?
2, 101, 257
List the prime factors of 2516379.
3, 19, 131, 337
What are the prime factors of 382277?
7, 97, 563
List the prime factors of 6804591.
3, 2268197
List the prime factors of 4571872.
2, 142871
List the prime factors of 285131.
7, 11, 23
List the prime factors of 451288.
2, 19, 2969
List the prime factors of 131356.
2, 32839
What are the prime factors of 556275?
3, 5, 7417
What are the prime factors of 21873?
3, 23, 317
List the prime factors of 3513113.
37, 94949
List the prime factors of 28452.
2, 3, 2371
What are the prime factors of 602647?
602647
What are the prime factors of 55008?
2, 3, 191
What are the prime factors of 86687?
23, 3769
List the prime factors of 151797.
3, 50599
List the prime factors of 366102.
2, 3, 11, 43
What are the prime factors of 126245?
5, 7, 3607
List the prime factors of 693384.
2, 3, 167, 173
What are the prime factors of 6611?
11, 601
What are the prime factors of 27683122?
2, 23, 601807
What are the prime factors of 93546?
2, 3, 5197
What are the prime factors of 139184?
2, 8699
List the prime factors of 869815.
5, 41, 4243
List the prime factors of 4411943.
1033, 4271
List the prime factors of 9274482.
2, 3, 7, 73607
What are the prime factors of 2887635?
3, 5, 311, 619
List the prime factors of 1440175.
5, 11, 5237
List the prime factors of 107807.
7, 15401
List the prime factors of 1139134.
2, 67, 8501
What are the prime factors of 23462091?
3, 17, 89, 1723
List the prime factors of 1700989.
113, 15053
List the prime factors of 4093145.
5, 7, 83, 1409
What are the prime factors of 2819994?
2, 3, 17, 27647
List the prime factors of 543770.
2, 5, 54377
List the prime factors of 44719.
197, 227
List the prime factors of 1366800.
2, 3, 5, 17, 67
What are the prime factors of 515056?
2, 32191
List the prime factors of 116074.
2, 7, 8291
List the prime factors of 32351.
11, 17, 173
List the prime factors of 390241.
19, 23, 47
What are the prime factors of 2691902?
2, 1345951
List the prime factors of 5618338.
2, 11, 19, 13441
List the prime factors of 478909.
89, 5381
What are the prime factors of 303983?
303983
What are the prime factors of 10857394?
2, 5428697
What are the prime factors of 124225?
5, 4969
List the prime factors of 400838.
2, 29, 6911
What are the prime factors of 384617?
19, 31, 653
What are the prime factors of 11938629?
3, 3979543
List the prime factors of 1367424.
2, 3, 1187
What are the prime factors of 14914300?
2, 5, 149143
List the prime factors of 2449904.
2, 17, 9007
What are the prime factors of 841937?
131, 6427
What are the prime factors of 548039?
548039
What are the prime factors of 2861826?
2, 3, 11, 131, 331
What are the prime factors of 5674566?
2, 3, 17, 55633
List the prime factors of 4835802.
2, 3, 805967
What are the prime factors of 266415?
3, 5, 17761
List the prime factors of 2752616.
2, 337, 1021
What are the prime factors of 2683229?
17, 157837
List the prime factors of 3024665.
5, 7, 89, 971
List the prime factors of 349035.
3, 5, 23269
What are the prime factors of 261853?
401, 653
List the prime factors of 5032468.
2, 7, 191, 941
What are the prime factors of 1692949?
1692949
List the prime factors of 3022355.
5, 7, 86353
List the prime factors of 22730688.
2, 3, 19, 31, 67
List the prime factors of 452729.
401, 1129
List the prime factors of 13255825.
5, 11, 19, 43, 59
List the prime factors of 235635.
3, 5, 23, 683
List the prime factors of 12463750.
2, 5, 13, 59
List the prime factors of 999691.
7, 11, 12983
List the prime factors of 635962.
2, 379, 839
What are the prime factors of 35970323?
31, 409, 2837
List the prime factors of 2611896.
2, 3, 7, 2221
List the prime factors of 270002.
2, 127, 1063
List the prime factors of 18677811.
3, 223, 27919
List the prime factors of 459838.
2, 19, 12101
List the prime factors of 1037910.
2, 3, 5, 29, 1193
List the prime factors of 506878.
2, 253439
What are the prime factors of 162544?
2, 10159
List the prime factors of 849502.
2, 269, 1579
What are the prime factors of 390021?
3, 29, 4483
List the prime factors of 136996.
2, 29, 1181
What are the prime factors of 288610?
2, 5, 7, 19, 31
What are the prime factors of 309736?
2, 7, 5531
What are the prime factors of 15988147?
7, 149, 15329
What are the prime factors of 12110097?
3, 113, 139, 257
List the prime factors of 11801037.
3, 163, 24133
List the prime factors of 330627.
3, 11, 43, 233
List the prime factors of 805808.
2, 50363
List the prime factors of 5087559.
3, 1695853
What are the prime factors of 9563032?
2, 23, 51973
What are the prime factors of 1081890?
2, 3, 5, 4007
List the prime factors of 89240.
2, 5, 23, 97
List the prime factors of 20310877.
20310877
List the prime factors of 3012138.
2, 3, 167341
List the prime factors of 8302440.
2, 3, 5, 43, 1609
List the prime factors of 4027576.
2, 7, 23, 53, 59
What are the prime factors of 37854357?
3, 41, 307759
What are the prime factors of 53715?
3, 5, 3581
What are the prime factors of 4144999?
29, 37, 3863
What are the prime factors of 21510019?
43, 500233
What are the prime factors of 140564?
2, 35141
List the prime factors of 755041.
7, 19, 811
List the prime factors of 3417650.
2, 5, 29, 2357
What are the prime factors of 472851?
3, 83, 211
List the prime factors of 1827474.
2, 3, 11, 27689
List the prime factors of 2382371.
2382371
What are the prime factors of 2811761?
2811761
List the prime factors of 384703.
11, 41, 853
List the prime factors of 759506.
2, 11, 19, 23, 79
List the prime factors of 182260.
2, 5, 13, 701
What are the prime factors of 1152747?
3, 349, 367
List the prime factors of 1376895.
3, 5, 13, 23, 307
List the prime factors of 27660328.
2, 61, 56681
List the prime factors of 132808.
2, 13, 1277
What are the prime factors of 3631020?
2, 3, 5, 73, 829
List the prime factors of 195347.
17, 11491
List the prime factors of 31802.
2, 15901
List the prime factors of 1798718.
2, 37, 109, 223
List the prime factors of 4459638.
2, 3, 743273
What are the prime factors of 263362?
2, 11, 11971
What are the prime factors of 5372000?
2, 5, 17, 79
List the prime factors of 10005590.
2, 5, 7, 19, 7523
What are the prime factors of 6535236?
2, 3, 37, 41, 359
What are the prime factors of 1390042?
2, 695021
List the prime factors of 6144387.
3, 127, 16127
List the prime factors of 2619615.
3, 5, 17, 10273
What are the prime factors of 300621?
3, 100207
List the prime factors of 1333447.
577, 2311
What are the prime factors of 4216478?
2, 7, 301177
List the prime factors of 3800363.
7, 29, 97, 193
List the prime factors of 2004370.
2, 5, 200437
List the prime factors of 751734.
2, 3, 13921
List the prime factors of 10708288.
2, 167317
List the prime factors of 26770